{"id":1788,"date":"2021-02-01T10:25:46","date_gmt":"2021-02-01T09:25:46","guid":{"rendered":"http:\/\/www.association-aatm.org\/?page_id=1788"},"modified":"2026-02-13T09:58:36","modified_gmt":"2026-02-13T08:58:36","slug":"hebergement-2","status":"publish","type":"page","link":"\/index.php\/hebergement-2\/","title":{"rendered":"Logement adapt\u00e9"},"content":{"rendered":"<div class=\"wpb-content-wrapper\">[vc_row fullwidth=\u00a0\u00bbtrue\u00a0\u00bb column_padding=\u00a0\u00bb2&Prime; parallax=\u00a0\u00bbcontent-moving-fade\u00a0\u00bb parallax_image=\u00a0\u00bb359&Prime; parallax_speed_bg=\u00a0\u00bb1.2&Prime; css=\u00a0\u00bb.vc_custom_1551350572921{margin-top: -50px !important;padding-top: 200px !important;}\u00a0\u00bb el_class=\u00a0\u00bbacc\u00a0\u00bb][vc_column width=\u00a0\u00bb1\/4&Prime; offset=\u00a0\u00bbvc_hidden-xs\u00a0\u00bb][\/vc_column][vc_column width=\u00a0\u00bb1\/2&Prime;][mk_page_title_box page_title=\u00a0\u00bbLogement adapt\u00e9\u00a0\u00bb section_height=\u00a0\u00bb200&Prime; bg_type=\u00a0\u00bbcolor\u00a0\u00bb bg_color=\u00a0\u00bbrgba(10,10,10,0.62)\u00a0\u00bb font_size=\u00a0\u00bb36&Prime; font_color=\u00a0\u00bb#ffffff\u00a0\u00bb underline=\u00a0\u00bbfalse\u00a0\u00bb][\/vc_column][vc_column width=\u00a0\u00bb1\/4&Prime; offset=\u00a0\u00bbvc_hidden-xs\u00a0\u00bb][\/vc_column][\/vc_row][vc_row fullwidth=\u00a0\u00bbtrue\u00a0\u00bb css=\u00a0\u00bb.vc_custom_1763993970674{padding-top: 30px !important;padding-right: 30px !important;padding-bottom: 30px !important;padding-left: 30px !important;background-color: #78ab42 !important;}\u00a0\u00bb][vc_column][vc_column_text align=\u00a0\u00bbcenter\u00a0\u00bb css=\u00a0\u00bb.vc_custom_1589449165455{margin-bottom: 0px !important;}\u00a0\u00bb]\n<h1>La r\u00e9sidence sociale<\/h1>\n[\/vc_column_text][vc_separator color=\u00a0\u00bbwhite\u00a0\u00bb el_width=\u00a0\u00bb50&Prime;][\/vc_column][\/vc_row][vc_row el_class=\u00a0\u00bbsection-content\u00a0\u00bb][vc_column][vc_row_inner][vc_column_inner][vc_column_text css=\u00a0\u00bb.vc_custom_1747746716566{margin-bottom: 0px !important;}\u00a0\u00bb]Situ\u00e9e \u00e0 La Chapelle Saint Luc, la R\u00e9sidence Sociale est un \u00e9tablissement destin\u00e9 au logement collectif \u00e0 titre de r\u00e9sidence principale dans des immeubles comportant \u00e0 la fois des locaux\u00a0 privatifs meubl\u00e9s ou non et des locaux communs affect\u00e9s \u00e0 la vie collective.<\/p>\n<p>La R\u00e9sidence Sociale a en effet pour objet d\u2019offrir une solution de logement temporaire \u00e0 des m\u00e9nages rencontrant des difficult\u00e9s d\u2019acc\u00e8s au logement ordinaire pour des raisons sociales et\/ou \u00e9conomiques (rupture familiale, famille monoparentale, personnes sortant de situations difficiles\u2026) ou en mobilit\u00e9 professionnelle. Le logement en r\u00e9sidence sociale constitue donc une \u00e9tape avant l\u2019acc\u00e8s \u00e0 un logement individuel autonome.<\/p>\n<p>L&rsquo;ext\u00e9rieur comprend des places de parking, un garage, un local v\u00e9lo et des espaces verts autour des b\u00e2timents. Une machine \u00e0 laver professionnelle est mise \u00e0 disposition des r\u00e9sidents moyennant une participation de 2\u20ac.<\/p>\n<p>L&rsquo;attribution d&rsquo;une chambre est conditionn\u00e9e \u00e0 la situation r\u00e9guli\u00e8re des r\u00e9sidents.<\/p>\n<p>Une permanence est assur\u00e9e une fois par semaine par une intervenante sociale afin d&rsquo;aider les r\u00e9sidents qui le souhaitent dans leurs d\u00e9marches.<\/p>\n<p style=\"text-align: center;\"><strong><em><a href=\"\/wp-content\/uploads\/2025\/05\/plaquette-rs.pdf\" target=\"_blank\" rel=\"noopener\"><span style=\"color: #008000;\">Retrouvez ici notre brochure<\/span><\/a><\/em><\/strong><\/p>\n[\/vc_column_text][\/vc_column_inner][\/vc_row_inner][vc_images_carousel images=\u00a0\u00bb1792,1791,1790&Prime; img_size=\u00a0\u00bbfull\u00a0\u00bb slides_per_view=\u00a0\u00bb3&Prime; wrap=\u00a0\u00bbyes\u00a0\u00bb css_animation=\u00a0\u00bbfadeInUp\u00a0\u00bb][\/vc_column][\/vc_row][vc_row][vc_column][vc_column_text css=\u00a0\u00bb.vc_custom_1770973580098{margin-bottom: 0px !important;}\u00a0\u00bb]Pour toute demande de logement, un dossier doit \u00eatre compl\u00e9t\u00e9 et transmis avec les pi\u00e8ces justificatives (page 4) \u00e0 l&rsquo;attention de la responsable de la r\u00e9sidence sociale. Les dossiers re\u00e7us seront \u00e9tudi\u00e9s par la responsable qui, en fonction des places disponibles, recontactera les personnes.<\/p>\n<p style=\"text-align: center;\"><strong><span style=\"color: #008000;\">\u2192\u00a0<a style=\"color: #008000;\" href=\"\/wp-content\/uploads\/2026\/02\/dossier-demande-de-studio-residence-sociale-maj-01.2026.pdf\" target=\"_blank\" rel=\"noopener\"><em>Dossier demande logement R\u00e9sidence Sociale<\/em><\/a><\/span><\/strong><\/p>\n[\/vc_column_text][\/vc_column][\/vc_row][vc_row][vc_column][\/vc_column][\/vc_row][vc_row fullwidth=\u00a0\u00bbtrue\u00a0\u00bb css=\u00a0\u00bb.vc_custom_1540369241012{padding: 30px !important;background-color: #78ab42 !important;}\u00a0\u00bb][vc_column][vc_column_text align=\u00a0\u00bbcenter\u00a0\u00bb css=\u00a0\u00bb.vc_custom_1676471293980{margin-bottom: 0px !important;}\u00a0\u00bb]\n<h1>La pension de famille<\/h1>\n[\/vc_column_text][vc_separator color=\u00a0\u00bbwhite\u00a0\u00bb el_width=\u00a0\u00bb50&Prime;][\/vc_column][\/vc_row][vc_row el_class=\u00a0\u00bbsection-content\u00a0\u00bb][vc_column][vc_row_inner][vc_column_inner][vc_column_text css=\u00a0\u00bb.vc_custom_1763994066850{margin-bottom: 0px !important;}\u00a0\u00bb]La pension de famille \u00ab\u00a0Les Cl\u00e9matites\u00a0\u00bb est une structure semi-collective de 27 logements individuels meubl\u00e9s.<\/p>\n<p>La pension de famille comprend \u00e9galement des espaces communs pour la vie collective des r\u00e9sidents : salle d\u2019animation, cuisine collective et un local v\u00e9lo. L\u2019ext\u00e9rieur comprend des places de parking et des espaces verts autour des b\u00e2timents.<\/p>\n<p>Elle est situ\u00e9e dans le quartier des Chartreux, \u00e0 Troyes, \u00e0 proximit\u00e9 des commerces et des services publics.<\/p>\n<p>L\u2019\u00e9quipe de la Pension de Famille propose un accompagnement social et administratif. Des temps d\u2019animations et d\u2019actions collectives sont propos\u00e9s aux r\u00e9sidents.<\/p>\n<p>Les r\u00e9sidents participent \u00e0 l\u2019organisation de la vie collective, notamment lors des temps d\u2019\u00e9change hebdomadaires ainsi qu\u2019\u00e0 l\u2019entretien des parties communes \u00e0 tour de r\u00f4le.<\/p>\n<p><u>Objectifs de la pension de famille<\/u>\u00a0:<\/p>\n<ul>\n<li>Favoriser le bien-\u00eatre des personnes<\/li>\n<li>Rompre l\u2019isolement<\/li>\n<li>Faire vivre le collectif<\/li>\n<li>Favoriser les liens sociaux<\/li>\n<\/ul>\n<p><u>Conditions d\u2019admission<\/u> :<\/p>\n<ul>\n<li>Situation administrative r\u00e9guli\u00e8re<\/li>\n<li>Capacit\u00e9 \u00e0 g\u00e9rer les actes de la vie quotidienne de fa\u00e7on autonome<\/li>\n<li>\u00catre en mesure de s\u2019acquitter de la redevance<\/li>\n<li>Adh\u00e9rer au fonctionnement semi-collectif de la structure<\/li>\n<\/ul>\n<p>La pension de famille \u00ab s\u2019inscrit dans une logique d\u2019habitat durable, sans limitation de dur\u00e9e \u00bb et s\u2019adresse \u00e0 des personnes seules, en situation d\u2019exclusion, de pr\u00e9carit\u00e9 et en rupture de lien social, dont la situation financi\u00e8re, familiale ou sociale n\u00e9cessite un logement associ\u00e9 \u00e0 un accompagnement social et collectif.<\/p>\n<p style=\"text-align: center;\"><strong><em><span style=\"color: #339966;\">\u2192<\/span> <a href=\"\/wp-content\/uploads\/2023\/03\/brochure-pf-partenaires.pdf\" target=\"_blank\" rel=\"noopener\"><span style=\"color: #008000;\">Retrouvez ici notre brochure<\/span><\/a><\/em><\/strong><\/p>\n[\/vc_column_text][\/vc_column_inner][\/vc_row_inner][vc_images_carousel images=\u00a0\u00bb3331,3330&Prime; img_size=\u00a0\u00bbfull\u00a0\u00bb slides_per_view=\u00a0\u00bb2&Prime; wrap=\u00a0\u00bbyes\u00a0\u00bb css_animation=\u00a0\u00bbfadeInUp\u00a0\u00bb][\/vc_column][\/vc_row][vc_row][vc_column][vc_column_text css=\u00a0\u00bb.vc_custom_1763994082018{margin-bottom: 0px !important;}\u00a0\u00bb]Les personnes sont orient\u00e9es \u00e0 la pension de famille par le biais du Service Int\u00e9gr\u00e9 d\u2019Accueil et d\u2019Orientation (SIAO).<br \/>\nPour toute demande de logement en pension de famille, vous pouvez vous adresser directement \u00e0 l\u2019\u00e9quipe de la pension de famille\u00a0:<em> <span style=\"color: #0000ff;\"><a style=\"color: #0000ff;\" href=\"mailto:pension-famille.troyes@aatm.fr\">pension-famille.troyes@aatm.fr<\/a><\/span> <\/em>ou 07.85.54.74.67<\/p>\n<p>Un dossier est \u00e0 compl\u00e9ter en amont de la commission SIAO puis \u00e0 transmettre au SIAO et \u00e0 l\u2019AATM.<\/p>\n<p style=\"text-align: center;\"><strong><span style=\"color: #008000;\">\u2192\u00a0<a style=\"color: #008000;\" href=\"\/wp-content\/uploads\/2023\/02\/dossier-pension-de-famille.pdf\" target=\"_blank\" rel=\"noopener\"><em>Dossier demande logement pension de famille<\/em><\/a><\/span><\/strong><\/p>\n[\/vc_column_text][\/vc_column][\/vc_row]\n<\/div>","protected":false},"excerpt":{"rendered":"<p>[vc_row fullwidth=\u00a0\u00bbtrue\u00a0\u00bb column_padding=\u00a0\u00bb2&Prime; parallax=\u00a0\u00bbcontent-moving-fade\u00a0\u00bb parallax_image=\u00a0\u00bb359&Prime; parallax_speed_bg=\u00a0\u00bb1.2&Prime; css=\u00a0\u00bb.vc_custom_1551350572921{margin-top: -50px !important;padding-top: 200px !important;}\u00a0\u00bb el_class=\u00a0\u00bbacc\u00a0\u00bb][vc_column width=\u00a0\u00bb1\/4&Prime; offset=\u00a0\u00bbvc_hidden-xs\u00a0\u00bb][\/vc_column][vc_column width=\u00a0\u00bb1\/2&Prime;][mk_page_title_box page_title=\u00a0\u00bbLogement adapt\u00e9\u00a0\u00bb section_height=\u00a0\u00bb200&Prime; bg_type=\u00a0\u00bbcolor\u00a0\u00bb bg_color=\u00a0\u00bbrgba(10,10,10,0.62)\u00a0\u00bb font_size=\u00a0\u00bb36&Prime; font_color=\u00a0\u00bb#ffffff\u00a0\u00bb underline=\u00a0\u00bbfalse\u00a0\u00bb][\/vc_column][vc_column width=\u00a0\u00bb1\/4&Prime; offset=\u00a0\u00bbvc_hidden-xs\u00a0\u00bb][\/vc_column][\/vc_row][vc_row fullwidth=\u00a0\u00bbtrue\u00a0\u00bb css=\u00a0\u00bb.vc_custom_1763993970674{padding-top: 30px !important;padding-right: 30px !important;padding-bottom: 30px !important;padding-left: 30px !important;background-color: #78ab42 !important;}\u00a0\u00bb][vc_column][vc_column_text align=\u00a0\u00bbcenter\u00a0\u00bb css=\u00a0\u00bb.vc_custom_1589449165455{margin-bottom: 0px !important;}\u00a0\u00bb] La r\u00e9sidence sociale [\/vc_column_text][vc_separator color=\u00a0\u00bbwhite\u00a0\u00bb el_width=\u00a0\u00bb50&Prime;][\/vc_column][\/vc_row][vc_row el_class=\u00a0\u00bbsection-content\u00a0\u00bb][vc_column][vc_row_inner][vc_column_inner][vc_column_text css=\u00a0\u00bb.vc_custom_1747746716566{margin-bottom: 0px !important;}\u00a0\u00bb]Situ\u00e9e \u00e0 La Chapelle Saint [&hellip;]<\/p>\n","protected":false},"author":3,"featured_media":0,"parent":0,"menu_order":0,"comment_status":"closed","ping_status":"closed","template":"","meta":{"footnotes":""},"class_list":["post-1788","page","type-page","status-publish","hentry"],"jetpack_sharing_enabled":true,"_links":{"self":[{"href":"\/index.php\/wp-json\/wp\/v2\/pages\/1788","targetHints":{"allow":["GET"]}}],"collection":[{"href":"\/index.php\/wp-json\/wp\/v2\/pages"}],"about":[{"href":"\/index.php\/wp-json\/wp\/v2\/types\/page"}],"author":[{"embeddable":true,"href":"\/index.php\/wp-json\/wp\/v2\/users\/3"}],"replies":[{"embeddable":true,"href":"\/index.php\/wp-json\/wp\/v2\/comments?post=1788"}],"version-history":[{"count":27,"href":"\/index.php\/wp-json\/wp\/v2\/pages\/1788\/revisions"}],"predecessor-version":[{"id":4221,"href":"\/index.php\/wp-json\/wp\/v2\/pages\/1788\/revisions\/4221"}],"wp:attachment":[{"href":"\/index.php\/wp-json\/wp\/v2\/media?parent=1788"}],"curies":[{"name":"wp","href":"https:\/\/api.w.org\/{rel}","templated":true}]}}

Logement adapté

<div class="wpb-content-wrapper">[vc_row fullwidth= »true » column_padding= »2&Prime; parallax= »content-moving-fade » parallax_image= »359&Prime; parallax_speed_bg= »1.2&Prime; css= ».vc_custom_1551350572921{margin-top: -50px !important;padding-top: 200px !important;} » el_class= »acc »][vc_column width= »1/4&Prime; offset= »vc_hidden-xs »][/vc_column][vc_column width= »1/2&Prime;][mk_page_title_box page_title= »Logement adapté » section_height= »200&Prime; bg_type= »color » bg_color= »rgba(10,10,10,0.62) » font_size= »36&Prime; font_color= »#ffffff » underline= »false »][/vc_column][vc_column width= »1/4&Prime; offset= »vc_hidden-xs »][/vc_column][/vc_row][vc_row fullwidth= »true » css= ».vc_custom_1763993970674{padding-top: 30px !important;padding-right: 30px !important;padding-bottom: 30px !important;padding-left: 30px !important;background-color: #78ab42 !important;} »][vc_column][vc_column_text align= »center » css= ».vc_custom_1589449165455{margin-bottom: 0px !important;} »]
<h1>La résidence sociale</h1>
[/vc_column_text][vc_separator color= »white » el_width= »50&Prime;][/vc_column][/vc_row][vc_row el_class= »section-content »][vc_column][vc_row_inner][vc_column_inner][vc_column_text css= ».vc_custom_1747746716566{margin-bottom: 0px !important;} »]Située à La Chapelle Saint Luc, la Résidence Sociale est un établissement destiné au logement collectif à titre de résidence principale dans des immeubles comportant à la fois des locaux  privatifs meublés ou non et des locaux communs affectés à la vie collective.</p>
<p>La Résidence Sociale a en effet pour objet d’offrir une solution de logement temporaire à des ménages rencontrant des difficultés d’accès au logement ordinaire pour des raisons sociales et/ou économiques (rupture familiale, famille monoparentale, personnes sortant de situations difficiles…) ou en mobilité professionnelle. Le logement en résidence sociale constitue donc une étape avant l’accès à un logement individuel autonome.</p>
<p>L&rsquo;extérieur comprend des places de parking, un garage, un local vélo et des espaces verts autour des bâtiments. Une machine à laver professionnelle est mise à disposition des résidents moyennant une participation de 2€.</p>
<p>L&rsquo;attribution d&rsquo;une chambre est conditionnée à la situation régulière des résidents.</p>
<p>Une permanence est assurée une fois par semaine par une intervenante sociale afin d&rsquo;aider les résidents qui le souhaitent dans leurs démarches.</p>
<p style="text-align: center;"><strong><em><a href="/wp-content/uploads/2025/05/plaquette-rs.pdf" target="_blank" rel="noopener"><span style="color: #008000;">Retrouvez ici notre brochure</span></a></em></strong></p>
[/vc_column_text][/vc_column_inner][/vc_row_inner][vc_images_carousel images= »1792,1791,1790&Prime; img_size= »full » slides_per_view= »3&Prime; wrap= »yes » css_animation= »fadeInUp »][/vc_column][/vc_row][vc_row][vc_column][vc_column_text css= ».vc_custom_1770973580098{margin-bottom: 0px !important;} »]Pour toute demande de logement, un dossier doit être complété et transmis avec les pièces justificatives (page 4) à l&rsquo;attention de la responsable de la résidence sociale. Les dossiers reçus seront étudiés par la responsable qui, en fonction des places disponibles, recontactera les personnes.</p>
<p style="text-align: center;"><strong><span style="color: #008000;">→ <a style="color: #008000;" href="/wp-content/uploads/2026/02/dossier-demande-de-studio-residence-sociale-maj-01.2026.pdf" target="_blank" rel="noopener"><em>Dossier demande logement Résidence Sociale</em></a></span></strong></p>
[/vc_column_text][/vc_column][/vc_row][vc_row][vc_column][/vc_column][/vc_row][vc_row fullwidth= »true » css= ».vc_custom_1540369241012{padding: 30px !important;background-color: #78ab42 !important;} »][vc_column][vc_column_text align= »center » css= ».vc_custom_1676471293980{margin-bottom: 0px !important;} »]
<h1>La pension de famille</h1>
[/vc_column_text][vc_separator color= »white » el_width= »50&Prime;][/vc_column][/vc_row][vc_row el_class= »section-content »][vc_column][vc_row_inner][vc_column_inner][vc_column_text css= ».vc_custom_1763994066850{margin-bottom: 0px !important;} »]La pension de famille « Les Clématites » est une structure semi-collective de 27 logements individuels meublés.</p>
<p>La pension de famille comprend également des espaces communs pour la vie collective des résidents : salle d’animation, cuisine collective et un local vélo. L’extérieur comprend des places de parking et des espaces verts autour des bâtiments.</p>
<p>Elle est située dans le quartier des Chartreux, à Troyes, à proximité des commerces et des services publics.</p>
<p>L’équipe de la Pension de Famille propose un accompagnement social et administratif. Des temps d’animations et d’actions collectives sont proposés aux résidents.</p>
<p>Les résidents participent à l’organisation de la vie collective, notamment lors des temps d’échange hebdomadaires ainsi qu’à l’entretien des parties communes à tour de rôle.</p>
<p><u>Objectifs de la pension de famille</u> :</p>
<ul>
<li>Favoriser le bien-être des personnes</li>
<li>Rompre l’isolement</li>
<li>Faire vivre le collectif</li>
<li>Favoriser les liens sociaux</li>
</ul>
<p><u>Conditions d’admission</u> :</p>
<ul>
<li>Situation administrative régulière</li>
<li>Capacité à gérer les actes de la vie quotidienne de façon autonome</li>
<li>Être en mesure de s’acquitter de la redevance</li>
<li>Adhérer au fonctionnement semi-collectif de la structure</li>
</ul>
<p>La pension de famille « s’inscrit dans une logique d’habitat durable, sans limitation de durée » et s’adresse à des personnes seules, en situation d’exclusion, de précarité et en rupture de lien social, dont la situation financière, familiale ou sociale nécessite un logement associé à un accompagnement social et collectif.</p>
<p style="text-align: center;"><strong><em><span style="color: #339966;">→</span> <a href="/wp-content/uploads/2023/03/brochure-pf-partenaires.pdf" target="_blank" rel="noopener"><span style="color: #008000;">Retrouvez ici notre brochure</span></a></em></strong></p>
[/vc_column_text][/vc_column_inner][/vc_row_inner][vc_images_carousel images= »3331,3330&Prime; img_size= »full » slides_per_view= »2&Prime; wrap= »yes » css_animation= »fadeInUp »][/vc_column][/vc_row][vc_row][vc_column][vc_column_text css= ».vc_custom_1763994082018{margin-bottom: 0px !important;} »]Les personnes sont orientées à la pension de famille par le biais du Service Intégré d’Accueil et d’Orientation (SIAO).<br />
Pour toute demande de logement en pension de famille, vous pouvez vous adresser directement à l’équipe de la pension de famille :<em> <span style="color: #0000ff;"><a style="color: #0000ff;" href="mailto:pension-famille.troyes@aatm.fr">pension-famille.troyes@aatm.fr</a></span> </em>ou 07.85.54.74.67</p>
<p>Un dossier est à compléter en amont de la commission SIAO puis à transmettre au SIAO et à l’AATM.</p>
<p style="text-align: center;"><strong><span style="color: #008000;">→ <a style="color: #008000;" href="/wp-content/uploads/2023/02/dossier-pension-de-famille.pdf" target="_blank" rel="noopener"><em>Dossier demande logement pension de famille</em></a></span></strong></p>
[/vc_column_text][/vc_column][/vc_row]
</div>

<p>[vc_row fullwidth= »true » column_padding= »2&Prime; parallax= »content-moving-fade » parallax_image= »359&Prime; parallax_speed_bg= »1.2&Prime; css= ».vc_custom_1551350572921{margin-top: -50px !important;padding-top: 200px !important;} » el_class= »acc »][vc_column width= »1/4&Prime; offset= »vc_hidden-xs »][/vc_column][vc_column width= »1/2&Prime;][mk_page_title_box page_title= »Logement adapté » section_height= »200&Prime; bg_type= »color » bg_color= »rgba(10,10,10,0.62) » font_size= »36&Prime; font_color= »#ffffff » underline= »false »][/vc_column][vc_column width= »1/4&Prime; offset= »vc_hidden-xs »][/vc_column][/vc_row][vc_row fullwidth= »true » css= ».vc_custom_1763993970674{padding-top: 30px !important;padding-right: 30px !important;padding-bottom: 30px !important;padding-left: 30px !important;background-color: #78ab42 !important;} »][vc_column][vc_column_text align= »center » css= ».vc_custom_1589449165455{margin-bottom: 0px !important;} »] La résidence sociale [/vc_column_text][vc_separator color= »white » el_width= »50&Prime;][/vc_column][/vc_row][vc_row el_class= »section-content »][vc_column][vc_row_inner][vc_column_inner][vc_column_text css= ».vc_custom_1747746716566{margin-bottom: 0px !important;} »]Située à La Chapelle Saint [&hellip;]</p>
